[INFO] fetching crate polywrap_schemafy 0.1.1...
[INFO] checking polywrap_schemafy-0.1.1 against master#9610dfe5a9a731ced1ea4923ecbd0c57fe367898 for beta-170-4
[INFO] extracting crate polywrap_schemafy 0.1.1 into /workspace/builds/worker-0-tc1/source
[INFO] validating manifest of crates.io crate polywrap_schemafy 0.1.1 on toolchain 9610dfe5a9a731ced1ea4923ecbd0c57fe367898
[INFO] running `Command { std: CARGO_HOME="/workspace/cargo-home" RUSTUP_HOME="/workspace/rustup-home" "/workspace/cargo-home/bin/cargo" "+9610dfe5a9a731ced1ea4923ecbd0c57fe367898" "metadata" "--manifest-path" "Cargo.toml" "--no-deps", kill_on_drop: false }`
[INFO] started tweaking crates.io crate polywrap_schemafy 0.1.1
[INFO] finished tweaking crates.io crate polywrap_schemafy 0.1.1
[INFO] tweaked toml for crates.io crate polywrap_schemafy 0.1.1 written to /workspace/builds/worker-0-tc1/source/Cargo.toml
[INFO] crate crates.io crate polywrap_schemafy 0.1.1 already has a lockfile, it will not be regenerated
[INFO] running `Command { std: CARGO_HOME="/workspace/cargo-home" RUSTUP_HOME="/workspace/rustup-home" "/workspace/cargo-home/bin/cargo" "+9610dfe5a9a731ced1ea4923ecbd0c57fe367898" "fetch" "--manifest-path" "Cargo.toml", kill_on_drop: false }`
[INFO] [stderr]     Updating crates.io index
[INFO] [stderr]  Downloading crates ...
[INFO] [stderr]   Downloaded polywrap_schemafy_lib v0.1.0
[INFO] [stderr]   Downloaded schemafy_core v0.6.0
[INFO] running `Command { std: "docker" "create" "-v" "/var/lib/crater-agent-workspace/builds/worker-0-tc1/target:/opt/rustwide/target:rw,Z" "-v" "/var/lib/crater-agent-workspace/builds/worker-0-tc1/source:/opt/rustwide/workdir:ro,Z" "-v" "/var/lib/crater-agent-workspace/cargo-home:/opt/rustwide/cargo-home:ro,Z" "-v" "/var/lib/crater-agent-workspace/rustup-home:/opt/rustwide/rustup-home:ro,Z" "-e" "SOURCE_DIR=/opt/rustwide/workdir" "-e" "CARGO_TARGET_DIR=/opt/rustwide/target" "-e" "CARGO_HOME=/opt/rustwide/cargo-home" "-e" "RUSTUP_HOME=/opt/rustwide/rustup-home" "-w" "/opt/rustwide/workdir" "-m" "1610612736" "--user" "0:0" "--network" "none" "ghcr.io/rust-lang/crates-build-env/linux@sha256:19e73879b68f455e41552ea35293514db52ea292d993f571636dbffedb77a1ee" "/opt/rustwide/cargo-home/bin/cargo" "+9610dfe5a9a731ced1ea4923ecbd0c57fe367898" "metadata" "--no-deps" "--format-version=1", kill_on_drop: false }`
[INFO] [stdout] 2a821911c709d620f845a9d1d3e84ba8c71d9d6666d092323d312b36252eff4e
[INFO] running `Command { std: "docker" "start" "-a" "2a821911c709d620f845a9d1d3e84ba8c71d9d6666d092323d312b36252eff4e", kill_on_drop: false }`
[INFO] running `Command { std: "docker" "inspect" "2a821911c709d620f845a9d1d3e84ba8c71d9d6666d092323d312b36252eff4e", kill_on_drop: false }`
[INFO] running `Command { std: "docker" "rm" "-f" "2a821911c709d620f845a9d1d3e84ba8c71d9d6666d092323d312b36252eff4e", kill_on_drop: false }`
[INFO] [stdout] 2a821911c709d620f845a9d1d3e84ba8c71d9d6666d092323d312b36252eff4e
[INFO] running `Command { std: "docker" "create" "-v" "/var/lib/crater-agent-workspace/builds/worker-0-tc1/target:/opt/rustwide/target:rw,Z" "-v" "/var/lib/crater-agent-workspace/builds/worker-0-tc1/source:/opt/rustwide/workdir:ro,Z" "-v" "/var/lib/crater-agent-workspace/cargo-home:/opt/rustwide/cargo-home:ro,Z" "-v" "/var/lib/crater-agent-workspace/rustup-home:/opt/rustwide/rustup-home:ro,Z" "-e" "SOURCE_DIR=/opt/rustwide/workdir" "-e" "CARGO_TARGET_DIR=/opt/rustwide/target" "-e" "CARGO_INCREMENTAL=0" "-e" "RUST_BACKTRACE=full" "-e" "RUSTFLAGS=--cap-lints=forbid" "-e" "RUSTDOCFLAGS=--cap-lints=forbid" "-e" "CARGO_HOME=/opt/rustwide/cargo-home" "-e" "RUSTUP_HOME=/opt/rustwide/rustup-home" "-w" "/opt/rustwide/workdir" "-m" "1610612736" "--user" "0:0" "--network" "none" "ghcr.io/rust-lang/crates-build-env/linux@sha256:19e73879b68f455e41552ea35293514db52ea292d993f571636dbffedb77a1ee" "/opt/rustwide/cargo-home/bin/cargo" "+9610dfe5a9a731ced1ea4923ecbd0c57fe367898" "check" "--frozen" "--all" "--all-targets" "--message-format=json", kill_on_drop: false }`
[INFO] [stdout] eef437c010e5fd787e98d3f030dc3f52acf5b6885dec3c2708eb6976042f951b
[INFO] running `Command { std: "docker" "start" "-a" "eef437c010e5fd787e98d3f030dc3f52acf5b6885dec3c2708eb6976042f951b", kill_on_drop: false }`
[INFO] [stderr]    Compiling proc-macro2 v1.0.47
[INFO] [stderr]    Compiling quote v1.0.21
[INFO] [stderr]    Compiling syn v1.0.103
[INFO] [stderr]    Compiling serde v1.0.147
[INFO] [stderr]    Compiling serde_json v1.0.87
[INFO] [stderr]    Compiling regex-syntax v0.6.28
[INFO] [stderr]    Compiling itoa v1.0.4
[INFO] [stderr]    Compiling ryu v1.0.11
[INFO] [stderr]     Checking unicode-ident v1.0.5
[INFO] [stderr]    Compiling uriparse v0.6.4
[INFO] [stderr]    Compiling memchr v2.5.0
[INFO] [stderr]     Checking aho-corasick v0.7.19
[INFO] [stderr]     Checking regex v1.7.0
[INFO] [stderr]    Compiling serde_derive v1.0.147
[INFO] [stderr]    Compiling serde_repr v0.1.9
[INFO] [stderr]     Checking Inflector v0.11.4
[INFO] [stderr]     Checking schemafy_core v0.6.0
[INFO] [stderr]     Checking polywrap_schemafy_lib v0.1.0
[INFO] [stderr]    Compiling polywrap_schemafy v0.1.1 (/opt/rustwide/workdir)
[INFO] [stdout] error[E0583]: file not found for module `test_suite`
[INFO] [stdout]  --> tests/json_schema_test_suite.rs:9:1
[INFO] [stdout]   |
[INFO] [stdout] 9 | mod test_suite;
[INFO] [stdout]   | ^^^^^^^^^^^^^^^
[INFO] [stdout]   |
[INFO] [stdout]   = help: to create the module `test_suite`, create file "tests/test_suite.rs" or "tests/test_suite/mod.rs"
[INFO] [stdout] 
[INFO] [stdout] 
[INFO] [stdout] error: proc macro panicked
[INFO] [stdout]  --> tests/test.rs:5:1
[INFO] [stdout]   |
[INFO] [stdout] 5 | / schemafy!(
[INFO] [stdout] 6 | |     root: Schema
[INFO] [stdout] 7 | |     "schemafy_lib/src/schema.json"
[INFO] [stdout] 8 | | );
[INFO] [stdout]   | |_^
[INFO] [stdout]   |
[INFO] [stdout]   = help: message: Unable to read `/opt/rustwide/workdir/schemafy_lib/src/schema.json`: No such file or directory (os error 2)
[INFO] [stdout] 
[INFO] [stdout] 
[INFO] [stdout] error: aborting due to previous error
[INFO] [stdout] 
[INFO] [stdout] 
[INFO] [stdout] For more information about this error, try `rustc --explain E0583`.
[INFO] [stdout] 
[INFO] [stderr] error: could not compile `polywrap_schemafy` (test "json_schema_test_suite") due to 2 previous errors
[INFO] [stderr] warning: build failed, waiting for other jobs to finish...
[INFO] [stdout] error[E0412]: cannot find type `Schema` in this scope
[INFO] [stdout]   --> tests/test.rs:10:34
[INFO] [stdout]    |
[INFO] [stdout] 10 | fn schema_exists(schema: Option<&Schema>) {
[INFO] [stdout]    |                                  ^^^^^^ not found in this scope
[INFO] [stdout]    |
[INFO] [stdout] help: consider importing this struct
[INFO] [stdout]    |
[INFO] [stdout] 1  + use polywrap_schemafy_lib::Schema;
[INFO] [stdout]    |
[INFO] [stdout] 
[INFO] [stdout] 
[INFO] [stdout] error[E0412]: cannot find type `SimpleTypes` in this scope
[INFO] [stdout]   --> tests/test.rs:16:29
[INFO] [stdout]    |
[INFO] [stdout] 16 | fn types_exists(_: Option<(&SimpleTypes, PositiveInteger)>) {}
[INFO] [stdout]    |                             ^^^^^^^^^^^ not found in this scope
[INFO] [stdout]    |
[INFO] [stdout] help: consider importing this enum
[INFO] [stdout]    |
[INFO] [stdout] 1  + use polywrap_schemafy_lib::SimpleTypes;
[INFO] [stdout]    |
[INFO] [stdout] 
[INFO] [stdout] 
[INFO] [stdout] error[E0412]: cannot find type `PositiveInteger` in this scope
[INFO] [stdout]   --> tests/test.rs:16:42
[INFO] [stdout]    |
[INFO] [stdout] 16 | fn types_exists(_: Option<(&SimpleTypes, PositiveInteger)>) {}
[INFO] [stdout]    |                                          ^^^^^^^^^^^^^^^ not found in this scope
[INFO] [stdout]    |
[INFO] [stdout] help: you might be missing a type parameter
[INFO] [stdout]    |
[INFO] [stdout] 16 | fn types_exists<PositiveInteger>(_: Option<(&SimpleTypes, PositiveInteger)>) {}
[INFO] [stdout]    |                +++++++++++++++++
[INFO] [stdout] 
[INFO] [stdout] 
[INFO] [stdout] error: aborting due to 4 previous errors
[INFO] [stdout] 
[INFO] [stdout] 
[INFO] [stdout] For more information about this error, try `rustc --explain E0412`.
[INFO] [stdout] 
[INFO] [stderr] error: could not compile `polywrap_schemafy` (test "test") due to 5 previous errors
[INFO] running `Command { std: "docker" "inspect" "eef437c010e5fd787e98d3f030dc3f52acf5b6885dec3c2708eb6976042f951b", kill_on_drop: false }`
[INFO] running `Command { std: "docker" "rm" "-f" "eef437c010e5fd787e98d3f030dc3f52acf5b6885dec3c2708eb6976042f951b", kill_on_drop: false }`
[INFO] [stdout] eef437c010e5fd787e98d3f030dc3f52acf5b6885dec3c2708eb6976042f951b
